ve of p**3/3 - p**2/2 + p - 17. Calculate i(1).
1
Let s(i) = 4*i + 5 + i - 2*i. Suppose 2*k + 3*r = -k + 3, 4*k + 2*r = 8. Suppose 9 + 3 = -k*a. Give s(a).
-7
Let r be (-4)/20 - 4/5. Let y(h) = -3*h**3 + 2*h**2 + h. Calculate y(r).
4
Let x be (-3)/6*0/3. Let v(h) = 1 + 0*h - 2*h + x. Give v(-1).
3
Let x(t) = 5 + 0*t + 2*t**2 - 7*t - 2*t**2 + t**2. Let l = 5 - 0. What is x(l)?
-5
Let v(z) = -19*z + 5. Let s(a) = -48*a + 12. Let o(j) = -5*s(j) + 12*v(j). What is o(1)?
12
Let i(m) = 5 + 2*m + m - 4*m. Give i(0).
5
Let r(t) be the second derivative of t**3/6 + t**2 - 3*t. Determine r(7).
9
Let v(j) = j**3 + 1. Let n(f) = 2*f**3 - 3*f**2 + 2*f. Let w = -2 + 3. Let k = 5 - 8. Let q(y) = k*v(y) + w*n(y). Determine q(-3).
-9
Suppose -2*j = -3*y + 139, 4*j + 33 = -2*y + 3*y. Let i(q) = 2*q**2 + y*q + q**2 - 46*q. Give i(-2).
6
Suppose -3 = -3*n + 3*z, -n = 4*z - 3*z + 3. Let b(h) = -24*h**3 - 2*h**2 + 1. What is b(n)?
23
Let t be 6/(-4)*2/(-3). Let j(x) = -x**2 - 5*x + 1. Let a(k) = 1. Let b(y) = t*j(y) - 2*a(y). Give b(-4).
3
Let a(s) = -2*s - 6. Suppose 0 = -2*j - 7 - 1. Give a(j).
2
Let j(b) = -b**3 - 4 + 5*b**2 + 0*b**3 + 2 + 2*b**3 - 7*b. Calculate j(-6).
4
Let h(o) = 2*o - o + 2 + 5*o**3 + 2*o - 6*o**3. Let u = -11 - -5. Let b(q) = -q - 8. Let w be b(u). Give h(w).
4
Let d(s) be the second derivative of s**4/12 + s**3/3 + 7*s. Let b(y) = 2*y + 1. Let u be b(-2). Determine d(u).
3
Let o(n) = -3*n - 2*n - 5*n**3 - n**2 + 5*n. Determine o(-1).
4
Let c(q) = q - 3. Let d be -2 + 1 + 6 + -2. Suppose j = d - 0. Suppose 0*a = j*a - 12. Calculate c(a).
1
Let b(k) be the second derivative of 1/12*k**4 + 1/20*k**5 + 0 + k**2 + 1/6*k**3 + 2*k. Determine b(-2).
-4
Let z(o) be the second derivative of -o**4/4 + o**3/2 + o. Let r be (-76)/28 + 4/(-14). Let p(f) = f**2 - f. Let t(y) = r*z(y) - 8*p(y). Give t(1).
0
Let b be ((-4)/12 - -1)*6. Let h(w) = -3*w + 2. Let x(k) = -9*k + 6. Let d(p) = 11*h(p) - 4*x(p). Determine d(b).
10
Let f(b) be the first derivative of b**3/3 + 3*b**2 - b + 7. Calculate f(-6).
-1
Let y be (12/8*-3)/(6/(-8)). Let l(g) = -g**2 + 6*g - 5. What is l(y)?
-5
Let b(c) be the first derivative of c**2 - 5*c - 3. Let i be b(4). Let t(s) = s**3 - 3*s**2 + s + 1. Give t(i).
4
Let l(k) be the third derivative of k**5/60 - 5*k**4/24 - 2*k**3/3 - 6*k**2. Determine l(5).
-4
Suppose -5 = -3*r + 10. Suppose 0 = x - 5*j - 28, -j = r*x + 2*j. Let a(g) = -g**3 + 4*g**2 - 4. Determine a(x).
5
Let c(h) = 3*h**2 + h - 1. Let y = -9 + 10. Let a be c(y). Let f(r) = -r**2 + 4*r - 2. Give f(a).
1
Let p = 6 - 9. Let l be ((-8)/(-12))/(p/18). Let m(z) = z**2 - 1. Let j(n) = -7*n**2 - 5*n + 8. Let d(s) = j(s) + 6*m(s). Give d(l).
6
Let l(s) = 6*s**3 + 2*s**2 - 1. Let t be (1/(-3) - 0)*0. Suppose 5*h - 1 + 36 = t. Let p(w) = w**2 + 6*w - 6. Let d be p(h). Give l(d).
7
Let x(d) be the second derivative of 0 - d + 3/2*d**2 + 1/3*d**3. What is x(-2)?
-1
Suppose 44 = -k + 2*k. Suppose 6 + k = 5*c. Suppose b - 4 = -0*b, q - b + c = 0. Let t(h) = h**3 + 7*h**2 + 6*h - 5. Give t(q).
-5
Let g(f) = -f - 2. Suppose 0 = -11*a + 6*a + 30. What is g(a)?
-8
Let t = -199 + 197. Let l(h) = -5*h**2 + 11*h - 2. Let n(d) = 3*d**2 - 6*d + 1. Let c(v) = -4*l(v) - 7*n(v). Calculate c(t).
1
Let u(c) = 2*c + 5. Let p(x) = x - 1. Let y(g) = p(g) - u(g). What is y(0)?
-6
Let j(b) = -b**2 + b - 1. Let u = 68 - 66. What is j(u)?
-3
Let u be (-23)/5 + (-2)/5. Let h(z) = -2*z - 6. What is h(u)?
4
Let d(a) = -41 + a + 8*a + 40 - 4*a. Give d(-3).
-16
Suppose 24*p + 36 = 15*p. Let x(n) be the third derivative of n**6/120 + n**5/10 + 7*n**4/24 + n**3 + n**2. What is x(p)?
10
Let q = -8 - -11. Let h(t) = 1 + 2*t**2 - 2*t + 1 - t**3 - 3*t**q - 1. Determine h(1).
-3
Let q(y) be the third derivative of -y**6/144 + y**5/120 + y**4/8 + 2*y**2. Let z(v) be the second derivative of q(v). Determine z(1).
-4
Let l(p) = -14*p - 13*p**2 - 8*p**2 + 3 + 22*p**2 + 6*p. Determine l(7).
-4
Let d(z) = z + 13. Let m(l) = 2*l + 27. Let g = -11 + 6. Let s(f) = g*d(f) + 2*m(f). Calculate s(-5).
-6
Let g(x) = x**2 - 2*x - 4. Suppose 2*c = -1 + 7. Suppose 0*i = -c*i - 3. Let n = 2 - i. What is g(n)?
-1
Let t(j) be the third derivative of -j**5/60 + j**4/24 - j**3/6 + 2*j**2. Calculate t(3).
-7
Suppose 0*l - 2*l = 0. Let y(j) = j**2 - j + 7. Determine y(l).
7
Suppose 44 = -2*w - 4*m, 2*w + m + 30 = 4*m. Let k be (-4)/w + (-306)/(-81). Let f(g) = g**3 - 5*g**2 + 3*g + 3. What is f(k)?
-1
Let b(x) be the second derivative of x**5/20 + x**4/3 - x**3 + x**2 - x - 13. Determine b(-5).
7
Let p(n) = n**2 - 7. Let o(w) = -2*w**2 + 6. Let s(k) = -6*o(k) - 5*p(k). Suppose 4 = -0*v + v. Suppose 2*m + v*d = 6*m + 20, 0 = -m + 2*d - 9. Determine s(m).
6
Let z be ((-42)/(-28))/(3/10). Let j(q) = -q - 1. What is j(z)?
-6
Let i(n) = -n**3 - 6*n**2 - 3*n + 7. Let p be i(-5). Let s = p + 7. Let f(m) = m**2 - 4*m + 3. Give f(s).
3
Let z(p) = p - 57 + 44 + 27. Give z(-10).
4
Let y(w) = w - 9. Suppose -2*f + f = 0. What is y(f)?
-9
Let m(q) be the first derivative of -q**2/2 + q - 10. What is m(1)?
0
Let j(y) = y**3 + 2*y**2 - 5*y - 3. Let n be 0 + 0 + 7 + -2. Let l = 2 - n. Give j(l).
3
Let t(h) = 7*h**2 + 0 + h**2 + 4*h + 2*h**3 - 4*h**2 + 3. Calculate t(-2).
-5
Let i(z) = 0 + 3 + 7*z - 9 - z**2. Let u(p) = -p**2 - 10*p + 3. Let k be u(-10). Suppose 0 = -2*m - k*m + 30. Calculate i(m).
0
Suppose 3*i - 24 = -5*t, 4*t + 4*i - 15 = 3*i. Let f(q) = 5*q + 1. Let n(u) = 26*u + 5. Let j(d) = -11*f(d) + 2*n(d). Give j(t).
-10
Let c(n) = -n**2 - 3 + 2 - 2*n - 2*n**3 + 11*n**3. Give c(-1).
-9
Let b(j) = -j**2 + 6*j - 2. Let y be -3 + 1 - 88/(-11). Determine b(y).
-2
Let d(r) = r. Let j be 1/2 - 33/6. Calculate d(j).
-5
Suppose 0 = l - 5*l - 20. Let r(f) = f**3 + 4*f**2 - 5*f - 5. Give r(l).
-5
Let c(d) = -d**2 + 6*d - 3. Let u be c(4). Let i(k) = -3 - k**2 - 3*k**2 + u*k**2 + 5. Give i(-3).
11
Let k(q) = q**2 + 6. Let l(h) = h**2 + 1. Let w(u) = k(u) - 2*l(u). Let y(f) = -2*f + 3. Let t(m) = -m - 1. Let s(v) = 2*t(v) + y(v). Let c be s(1). Give w(c).
-5
Let y(d) be the third derivative of d**5/5 - d**4/12 + d**3/6 + d**2. What is y(1)?
11
Suppose s = 2*s + 5*a + 23, 15 = -3*a. Let y(m) be the first derivative of -3 + 0*m**s + 1/3*m**3 - 2*m. What is y(-2)?
2
Let o(i) = -i - 80 + 80 + 2*i. What is o(-9)?
-9
Let c(j) = 4*j - 2. Let y(b) = -5*b + 2. Suppose v - 9 = 2*x, 2*x - 4*v + 16 = -x. Let u(n) = x*c(n) - 3*y(n). Suppose 3*d = 2*d. Give u(d).
2
Let a be -1 + -4 + (2 - 1). Let k(g) = -36*g**2 + 4 - 5*g + 58*g**2 - 27*g**2 - g**3. What is k(a)?
8
Let i(x) = -x**2 - 13*x - 9. Let u be i(-12). Let a(z) = 3 + z**2 + 6*z - u + 4 - 2. Calculate a(-4).
-6
Let l(y) = -y**2 + 5*y - 5. Let r(w) = -4*w + 0*w + 16 - 15. Let k be r(-1). Suppose 5*o = o + k*j + 31, -5*o + 26 = -2*j. Determine l(o).
-1
Let y(m) = -m - 4. Let l = 8 - 15. Let t = -3 - l. Let h be 2/t - (-22)/(-4). What is y(h)?
1
Let v(g) = -g - 2. Let z be v(-4). Let n(s) = 3*s**2 - 4*s**2 - 5 - 4*s**z + s**3. Give n(5).
-5
Let t(p) be the first derivative of 1/4*p**4 + 7/3*p**3 + 2 + 3*p**2 - 5*p. Give t(-6).
-5
Let x(d) = -d**2 + 7*d + 5. Let y be x(5). Let q(b) = y - 15 + 5*b. Let c be -2*((-3)/(-2) - 2). What is q(c)?
5
Let y(v) = 0*v**2 - 1 - v**2 - 2*v + 6*v**2. Let s be (-1 - -2)*(0 + -1). What is y(s)?
6
Let j(d) = 4*d - 1. Suppose 2*w + 3 = 2*s + 1, w - 3*s + 7 = 0. Give j(w).
7
Let b be (1 - 2) + 0 + 2. Let y(n) be the first derivative of 3 - 4 + n - b + n**2 + 2*n. Give y(-2).
-1
Suppose -3 = p - 2. Let r(x) be the second derivative of -1/6*x**3 + 0*x**2 + 1/20*x**5 + 0*x**4 + 0 - x. What is r(p)?
0
Suppose -5 = -y + 4*d + 23, 4*d = -4*y + 12. Let z(l) = -l**2 + 10*l - 10. Give z(y).
6
Let z = 7 - 5. Suppose -z*p - 4*d + 8 = 0, -2*d + 5*d - 6 = -p. Let o(c) = -c**2 - c. Let l(q) = -3*q**2 - 2*q - 6. Let t(b) = l(b) - 2*o(b). Calculate t(p).
-6
Let l(c) = c - 3. Suppose 3*y - 12 = y. Let k be -10*(-2)/(-2 + y). Let z = 11 - k. Calculate l(z).
3
Suppose -4*l - 1 - 7 = -2*c, -l = 0. Let b(o) = -3*o**2 + 2 - 6*o + 6*o**2 - o**2 + 0*o**2. Give b(c).
10
Let g(q) = q**3 - 4*q**2 - 4*q - 4. Suppose 35 = t - 4*s, 3*t + 7*s - 37 = 2*s. Suppose 2*b - b = x - t, -5*b + 40 = 4*x. Let z = x + -10. Give g(z).
1
Let k(b) = -b**3 - 2*b**2 + 4*b + 4. Suppose 0 = 5*x + 37 - 7. Let g be 20/x + (-6)/(-18